 = 53 - 49. Let z be d/30 - 4/30. Suppose p + 10 - 100 = z. What is the units digit of p?
0
Let i(f) = f**3 + 9*f**2 + 7*f + 13. Let x be i(-8). What is the tens digit of (x - 18)/(6/608)?
0
Let w = 6 - 1. Let o(y) = -2*y - y + 5*y + 0 + w. What is the units digit of o(6)?
7
Suppose 3*n - 1812 = 3*f + 6*n, -5*f - 3004 = n. Let u = f - -881. What is the hundreds digit of u?
2
Let u(z) = 24*z**2 + 7*z - 5. Let h be (2 + 24/(-15))/(4/40). What is the tens digit of u(h)?
0
Suppose z - 2*u = -3*u + 30353, 4*u = z - 30318. What is the hundreds digit of z?
3
Let o = 49 - 44. Let t(a) = a**3 - 3*a**2 - 7*a - 11. Let x be t(o). What is the units digit of (-2)/x*(-115 - 1)?
8
Let c(y) = 11*y**2 + 17*y - 66. What is the tens digit of c(-17)?
2
What is the tens digit of 1169624/14 + -2 + (-2532)/(-5908)?
4
Let b = -17965 + 49745. What is the units digit of b?
0
Let g = -11483 - -23034. What is the thousands digit of g?
1
Let h(m) = m**2 + 38*m + 189. Let d be h(-32). What is the tens digit of 1*427*(0 + 4 + d)?
2
Suppose -8*z - 1 = -17. Suppose 4546 = 4*i + h, i - 3*h = z*h + 1126. What is the tens digit of i?
3
Suppose 2*h - 16552 + 5902 = 0. What is the tens digit of h?
2
Let q(a) = -2*a - 16. Let h be q(-12). Suppose -4*z = 4*i - h*i + 1644, 3*i = -3*z + 1239. What is the units digit of i?
2
Let q(g) = 19*g + 136. Let r be q(-7). Suppose w = 8*n - 11*n + 138, 279 = 2*w + r*n. What is the units digit of w?
1
Suppose 12 = 2*z - 5*i, -2*z - 3*i + 12 = -4*i. Suppose -193 - 3185 = -z*v. What is the tens digit of v?
6
Suppose f - 28467 = -4*q, -3*f = 3*q - 5*f - 21353. What is the hundreds digit of q?
1
Suppose -45*k - 85*k + 1087710 = 0. What is the tens digit of k?
6
What is the units digit of 409750/115 + ((-1824)/(-368) - 5)?
3
Let x = 49 - 43. Suppose 2*i = x + 8. Suppose -9*l = i*l - 2544. What is the tens digit of l?
5
Suppose u - 12513 = q, u + 88*q - 12499 = 91*q. What is the hundreds digit of u?
5
Let g be 1/(9/24)*(-168)/(-32). Suppose g*a - 2379 = a. What is the hundreds digit of a?
1
Let c = -3263 + 5777. Suppose c = 75*n - 69*n. What is the hundreds digit of n?
4
Let n(w) = 517*w - 3568. What is the units digit of n(13)?
3
Suppose 0 = 8*w - 13*w + 105. Suppose z - w = -3*p - 0*z, -4*z = 5*p - 28. Suppose 0 = p*u - 3*u - 280. What is the units digit of u?
6
Let m(a) = a**3 + 20*a**2 - 28*a - 42. Let y be m(-23). Let c = -684 - y. What is the hundreds digit of c?
3
Suppose 4*x + 5*q + 31 = x, -3*x + 3*q = 39. What is the units digit of (x + 11)/(3/(-138))?
6
Let s(x) be the first derivative of -14/3*x**3 - 1/2*x**2 + 7*x - 24 - 1/4*x**4. What is the tens digit of s(-14)?
2
Suppose 28*l - 20*l = 8. What is the units digit of (l - 8)*(-330)/35?
6
Let t be 8/14*7/(-14)*-2863. Let z = t + -489. What is the tens digit of z?
2
Suppose -5 = c, -a + 3*c + 170 - 1495 = 0. What is the units digit of a/(-14) + 68/238?
6
Suppose -392*u = -139*u - 1343430. What is the thousands digit of u?
5
Suppose 3*x + 4*n - 160696 = 0, 53584 = x + 24*n - 20*n. What is the ten thousands digit of x?
5
What is the units digit of ((-783)/(-2))/((-2)/(-2))*(-6 - -10)?
6
Suppose -14755 = -5*a + 2*v, 113*a = 110*a + v + 8853. What is the tens digit of a?
5
Suppose -2*v - 9035 = -15*v. Suppose -3*b = -4*b - 4*o + v, -b = 2*o - 699. What is the hundreds digit of b?
7
Let a = 11865 + 16003. What is the hundreds digit of a?
8
Suppose -993 = -3*u + 2*d, 4*u + d + 996 = 7*u. Let x be 0/(6/(-2)) + -1 + u. Let r = x + -133. What is the tens digit of r?
9
What is the hundreds digit of ((-7183722)/(-598) - 16) + (-2)/(-23)?
9
Let p(h) = 2*h**2 + 6*h - 6. Suppose -2*r = 5*s + 8 + 4, 0 = r + 3*s + 6. Let f be p(r). Let x = -2 + f. What is the units digit of x?
8
Suppose -3*d = -5*d + g + 944, -d = 5*g - 494. Let n = d - 194. Suppose -3*s - 3*p + 0*p + 186 = 0, 0 = -5*s + p + n. What is the units digit of s?
7
Let b = 3764 + -3504. What is the units digit of b?
0
Let z(l) = 7*l**2 + 40*l - 658. What is the tens digit of z(24)?
3
Suppose -243*s = -295*s + 1682616. What is the tens digit of s?
5
Let t(c) = -44*c**3 + c**2 - 6*c - 6. Let m(x) = -x + 20. Let q be m(11). Suppose 0 = -q*i - 0*i - 9. What is the units digit of t(i)?
5
Let p be (-317)/(2/11 - 105/(-330)). What is the hundreds digit of (-12)/(-4)*1 - 1*p?
6
Let g(v) = 7*v + 6. Let p = 35 + -33. Suppose 23 - 37 = -p*d. What is the units digit of g(d)?
5
Let f(b) = 753*b**2 + 11*b + 3. What is the tens digit of f(4)?
9
Let m = -41 + 49. Let p = m + -6. Suppose 2*g - 99 = g + y, p*y + 294 = 3*g. What is the tens digit of g?
9
Let h = -565 + 1393. Let b = h + -680. What is the units digit of b?
8
Suppose -4*r - 440 = 3*z + 1691, z + 697 = -4*r. Let n = 1888 + z. What is the units digit of n?
1
Suppose -97*u + 275205 = -247431. What is the units digit of u?
8
Let f(q) = -q**3 + 9*q**2 + 11*q - 6. Let r = -82 - -92. What is the units digit of f(r)?
4
Let j = -701 - -701. Suppose 3*y + 11*p - 15*p = 4059, -5*y - 5*p + 6800 = j. What is the thousands digit of y?
1
Let f = 94 + -92. Suppose 4*z + z = -f*z. Suppose 0*y - 4*y + 584 = z. What is the tens digit of y?
4
Let g(b) = 3*b**2 + 6*b. Let p be g(-2). Suppose 2*c + 4 = p, -62 = n - 0*c - 4*c. What is the tens digit of 6/(((-6)/n)/((-3)/(-2)))?
0
Suppose 15*a = -0*a - 7*a. Let v = 235 - -390. Suppose a = -0*p + 5*p - v. What is the hundreds digit of p?
1
Let x be (2 - 0)*(17 + -7). Let w be (-313 - -1)/((-14)/x - -1). What is the tens digit of (24/10)/((-12)/w)?
0
Let o(y) = -14187*y + 10395. What is the units digit of o(-4)?
3
Let b be (10/(-4))/(6/156). Let o be (-13)/b + 18/10. What is the tens digit of -3 + ((-1)/o)/(5/(-1140))?
1
Suppose 2*w = o + 5656 + 4436, -4*w = -3*o - 20182. What is the hundreds digit of w?
0
Suppose -y = x - 29, 23*y + 2*x = 19*y + 124. Suppose 30237 = y*g - 1146. What is the tens digit of g?
5
Let l(z) be the first derivative of -35*z**2/2 - 59*z + 94. What is the tens digit of l(-11)?
2
Suppose 0 = -4*n - 2*u - 1 + 3, -3*u - 17 = -4*n. Suppose n*r = 2*p + 2*p - 12, 0 = 5*r + 5*p - 15. Let v(h) = 4*h + 110. What is the hundreds digit of v(r)?
1
Let n(o) = -o**3 - 2*o**2 - 6*o - 2. Let k be n(-4). Let c = k - 36. Suppose -2*a + 114 = c. What is the units digit of a?
8
Let t = 9 - -10. Let y = t + -15. What is the units digit of ((-25)/y)/((-9)/(-12) + -1)?
5
Let i(q) = -9*q - 4. Let v be i(3). Let z = v - -26. What is the tens digit of 4 + 4 + z + 50?
5
Suppose -2311*h = -2339*h + 54460. What is the thousands digit of h?
1
Suppose -3*g + 5*l = -0*g - 4895, -5*l - 1615 = -g. Suppose -88 = 8*q - g. What is the units digit of q?
4
Let k be (135/18 - 4)*(-4)/(-2). What is the units digit of (3 - -788)/k - (6 - 2)?
9
Let s(d) = 24*d**3 - 28*d**2 + 110*d - 27. What is the units digit of s(9)?
1
Let o = 21551 + 7916. What is the units digit of o?
7
What is the tens digit of ((-3934)/(-21))/(3 - (-3196)/(-1068))?
0
Let i(p) = 83*p + 1. Let k(j) = -j + 23. Let t be k(10). Let m be i(t). Suppose m = 10*l + 5*l. What is the tens digit of l?
7
Let j = 3055 + 2900. What is the tens digit of j?
5
Suppose -5*l = 5*p - 45, 5*p - 5*l = -3*l + 17. Suppose -v - 2101 = -4*k, 2*k - 1064 = v - p*v. What is the units digit of k?
6
Let n(z) = 40908*z**2 - 42*z + 26. What is the units digit of n(1)?
2
Suppose 2*y + 137 = 3*c, -5*y + 4*c - 2*c = 326. Let t = y - -70. Suppose -t*k = -548 + 74. What is the units digit of k?
9
Let k = -52 - -64. What is the tens digit of (-4)/(-3)*((-10674)/k)/(-1)?
8
Let n = -3 - -3. Suppose 3*k + 4*v = 253, n = k - 4*k - 5*v + 248. What is the units digit of k?
1
Suppose -1 + 6 = k. Let d = k - 5. Suppose 2*t - 196 = -4*i, -2*i + 94 = -d*i + 2*t. What is the tens digit of i?
5
Let t = 3447 - -1750. What is the units digit of t?
7
Suppose 5*q - 599 = -3*k, 0*q + 3*k - 115 = -q. Suppose -y - 5*f - q = -f, f = 4. Let w = 376 + y. What is the tens digit of w?
3
Let j(h) = -h**3 - 100*h**2 + 1273*h - 53. What is the hundreds digit of j(-115)?
9
Let l be (1 + -1)*(3 - 4). Suppose -1 + l = p. What is the units digit of 41 - p/(1/(-3))?
8
Let h(i) = -2*i + 4. Suppose 4*p + 3 = 11. Let g be h(p). Suppose 2*n - 3*n + 25 = g. What is the tens digit of n?
2
Let j(c) = 10*c**3 - 362*c**2 - 22*c + 5. What is the ten thousands digit of j(37)?
1
Suppose w + 0 = 7. 